-4)/t)?
1
Let l(n) = -n**3 + 3*n**2 + 5*n + 3. Let h be l(4). Suppose -9*p = -h*p - 78. What is the units digit of p?
9
Suppose 5*f + t = 35, t = -3*f + 5*t + 21. Let x(r) = 4*r - 8. Let q be x(f). Let s = q - 14. What is the units digit of s?
6
Suppose -4*i = -26 - 74. Suppose -2*a - a = d - 33, -i = -d - a. What is the units digit of d?
1
Suppose -4*j = -15 - 1. Let c be (-52)/117*(-18)/j. Suppose 3*k + c*d = -0*k + 110, 4 = 4*d. What is the tens digit of k?
3
Suppose 6*c = 10*c - 28. Let l(j) = 25*j + 21. What is the tens digit of l(c)?
9
Let v be (-2)/((4/14)/(-1)). Suppose 47 - v = 4*d. Suppose d + 5 = 5*g. What is the units digit of g?
3
Suppose 0 = 2*u - 5*g + g - 578, 5*g + 1455 = 5*u. What is the hundreds digit of u?
2
What is the tens digit of (351/(-26))/27*-1756?
7
Let t = 59 - 56. What is the units digit of (3/(t/(-5)))/((-1)/7)?
5
Suppose -7*i = -i - 30. Suppose 0 = 2*a - 6, -2*o - 2*o + i*a + 89 = 0. What is the tens digit of o?
2
Suppose n - 48 = -2*n. Suppose p - 53 - n = 0. What is the units digit of p?
9
Let t(o) = o + 2. Let s be t(2). Suppose -d + 16 = m - 36, 0 = s*d + 5*m - 205. Let p = -25 + d. What is the units digit of p?
0
Let w(t) be the second derivative of -t**4/12 + 58*t**2 - 37*t. What is the hundreds digit of w(0)?
1
Suppose 0 = -8*s + 13 + 11. Suppose -3*p - 3 - 3 = 0, -5*h = s*p - 539. What is the tens digit of h?
0
Suppose 35*u - 240552 = -37*u. What is the thousands digit of u?
3
What is the hundreds digit of (-8 - 99/(-11))*1009?
0
Suppose 0 = -59*o + 34*o + 24700. What is the hundreds digit of o?
9
Let s = -122 + 216. Suppose -j + 26 = -0*l - 3*l, -l = -3*j + s. What is the tens digit of j?
3
Suppose -17*f + 13*f - 8 = 0. Let o = f - -46. What is the units digit of o?
4
Let n = 264 + -150. What is the units digit of n?
4
Suppose 373*y + 4720 = 377*y. What is the hundreds digit of y?
1
Let d(w) = w**3 - 11*w**2 + 16*w - 17. Let r be (34 + -9)*(-2)/(-5). What is the units digit of d(r)?
3
Let a(c) be the first derivative of c**4/4 + c**3/3 - 28*c + 6. Let l be a(0). What is the units digit of 8/l - 30/(-7)?
4
What is the units digit of ((-72)/(-28))/(5/35)?
8
Let p = 856 - 192. What is the units digit of p?
4
Let l(s) = 1481*s**3 + 3*s - 2. What is the units digit of l(1)?
2
Let c = 49 - 51. What is the units digit of (-120)/(-18)*(-27)/c?
0
Let o be 68/(-20) - 4/(-10). Let q(f) = -2*f**3 - 3*f**2 + 2. Let m be q(o). Let p = m + 3. What is the units digit of p?
2
Let i(m) be the second derivative of -m**4/12 - 7*m**3/3 + 10*m**2 - 6*m. What is the units digit of i(-14)?
0
Let i be 5*((-8)/(-20) - 0). Suppose -l = -3*m + 44, i*l - 12 = -m + 5*l. What is the units digit of m?
5
Let c(p) be the third derivative of 8*p**6/15 + p**4/12 - p**3/6 - 13*p**2. What is the units digit of c(1)?
5
Let t(i) = -108*i + 3. What is the tens digit of t(-12)?
9
Suppose 3*b - 8 = 4, 2*b + 64 = 2*x. Let o be x/45*5/2. Suppose -f + o*f - 29 = 0. What is the units digit of f?
9
Suppose -5*y + 1 = -19. Suppose s = y + 1. Suppose s*x = -0*x - 25, x + 293 = 4*w. What is the units digit of w?
2
Let z = -96 - -100. Suppose -z*b = 3*d - d - 818, 5*d - 1030 = -5*b. What is the units digit of b?
3
Let s(m) be the second derivative of m**4/2 - 2*m**3/3 + 12*m. What is the units digit of s(3)?
2
Let l be ((-30)/9)/(2/(-3)). Suppose -2*j + 7*j - 62 = -m, 70 = l*j + 5*m. What is the tens digit of j?
1
Let j = 467 + -277. What is the tens digit of j?
9
Let t(w) = 137*w**2 - 10*w + 22. What is the units digit of t(-4)?
4
What is the units digit of 1356/10 + 0 - (-18)/45?
6
Let d(g) = -g**2 + 2*g - 4. Let m be d(3). Let o(p) = -17*p + 24. What is the hundreds digit of o(m)?
1
Suppose 4*a + 8 = 0, 4*j - 5*a - 815 = -185. What is the units digit of j?
5
Let x(t) = 113*t - 3. Let c be x(-2). Let o = 329 + c. What is the units digit of o?
0
Suppose 2*h - 2 = 6. Suppose 3*f = -2*i + 6*f + 210, -5*i + 532 = -h*f. Suppose -i = -6*y + 2*y. What is the tens digit of y?
2
Suppose -2055 = 9*o - 14*o. Suppose -o = 7*g - 1860. What is the units digit of g?
7
Suppose 16*r - 19*r = -687. What is the hundreds digit of r?
2
Suppose 21*w - 23*w = -14. Suppose 201 = -w*z + 10*z. What is the tens digit of z?
6
Let g(f) = -11*f + 5. Let n be g(-5). Let q = -10 + n. Suppose -k + q = k. What is the units digit of k?
5
Let a = 18 + -13. Suppose 5*q = 5*n - a + 20, -4*n = -3*q + 9. Suppose -2*w - w + 48 = n. What is the units digit of w?
6
Let r be 2 + -4 - 35/(-7). Suppose -5 = -4*w + r. Suppose -w*j + 46 = -0*j. What is the units digit of j?
3
Let d = 6 - 2. Suppose -5*v = 4*t - 342, 5*t = v + d*v + 450. What is the tens digit of t?
8
Suppose 8*c - 468 = 2*c. Suppose -5*y + 192 = -4*j, -y = -3*y + 2*j + c. What is the tens digit of y?
3
Suppose -10 = -5*q + 10. Suppose -3*o - o = -m + 18, q*o = 5*m - 42. Let g(s) = -s**2 + 11*s - 6. What is the tens digit of g(m)?
2
Let b(a) be the third derivative of -11*a**4/12 + a**3/3 + 6*a**2. What is the tens digit of b(-1)?
2
Suppose -138546 = -22*c - 21*c. What is the units digit of c?
2
Let f(x) = 2*x + 38. Suppose 2*q + 3*v - 3 = 0, -7*q + 3*q + 5*v + 39 = 0. Suppose -4*z = -q*z. What is the tens digit of f(z)?
3
Suppose -5*j + 2*j + 642 = 0. Suppose -j = -3*o + h, -2*h + 0 + 10 = 0. What is the units digit of o?
3
Let q = -1268 + 844. What is the hundreds digit of q/(1 + -2 + -1)?
2
Let x = 7255 - 4579. What is the tens digit of x?
7
Let f(y) = 549*y**2 + 21*y + 23. What is the hundreds digit of f(-1)?
5
Suppose -90 - 93 = w. Let m = w - -263. What is the units digit of m?
0
Let f = 4 - 2. Suppose -j + 0*j + 3*h + 40 = 0, f*h - 76 = -3*j. What is the units digit of j?
8
Suppose -4*j = -7*j + 57. Let v = -16 + j. Suppose 0 = v*b - 35 - 76. What is the units digit of b?
7
Let r = 60 + -26. Suppose r = 4*z - 26. What is the tens digit of z?
1
Let m = 1783 + -1724. What is the units digit of m?
9
Let b(o) = -461*o**3 + 2*o**2 + 3*o + 1. What is the units digit of b(-1)?
1
Let u be 2 + (16/(-10))/((-6)/(-15)). What is the tens digit of -4 - (-279 - (u - (3 + -2)))?
7
Suppose 7 = -5*d - 3*s, 5*d - s + 5 = 3*d. What is the tens digit of ((-5)/(-2))/(d/(-20))?
2
Let l(j) = -j**3 + 15*j**2 - 8*j - 14. Let m be l(12). Suppose 6*o + 34 - m = 0. What is the units digit of o?
8
Let o(b) = -b + 5. Let y be o(5). Suppose y = -0*s - 5*s + 25. What is the units digit of s?
5
Suppose 3*p - 231 = 1500. Suppose -6*t + 773 = -p. What is the tens digit of t?
2
Let c = -11 - -14. Suppose -c*j + 280 = -8*j. Let o = -33 - j. What is the units digit of o?
3
What is the thousands digit of (30 - -640)/((-2)/(-20)*2)?
3
What is the units digit of 2179/5 + (-3)/(-15)?
6
Suppose -10 = 2*n - 4*j, 2*n - j - 20 = -3*j. Suppose n*g - 9 = 1. Suppose -32 = -g*m + 5*f - 8*f, 5*m - 42 = 2*f. What is the tens digit of m?
1
Let r = 117 + -42. Let l = -83 - -85. Suppose -r = -7*y + l*y. What is the units digit of y?
5
Suppose -4*q - 3*d = -595, -3*d + 63 + 680 = 5*q. What is the hundreds digit of q?
1
Let k = 54 + -32. Suppose 5*j - 3*c - k = 0, -2*j - 3*c + 2*c = 0. Suppose j*u - 10 = 0, -3*q = 2*u - 5*u - 42. What is the tens digit of q?
1
Let y be ((-81)/(-12) - 6) + (-5)/(-4). Suppose 7*v - 153 = -y*v. What is the units digit of v?
7
Suppose 80 = 5*h - 3*h. Let d = h + -36. Suppose i = -4*w + d*i + 289, -i + 81 = w. What is the units digit of w?
6
What is the units digit of (-2)/(-11) + 246/(-66)*-96?
8
What is the tens digit of ((-6)/(-15))/((-18)/(-3150))?
7
Let m = 136 - -233. What is the hundreds digit of m?
3
Let v be -1 - -4 - (1 + 2 + -11). Suppose 9*a = v*a - 134. What is the tens digit of a?
6
Let u(f) be the third derivative of -f**7/5040 + f**6/72 + f**5/60 + 3*f**2. Let n(t) be the third derivative of u(t). What is the tens digit of n(0)?
1
Suppose v - 3*s = -9, 11 = 4*v + 4*s + 127. Let y be 5178/(-9) + 16/v. What is the units digit of y/8*(-6)/8?
4
Let h(u) = 3*u - 14. Let d be h(10). Suppose z - d = 3*z. Let y = 25 + z. What is the tens digit of y?
1
Suppose 0*a - 3*a = 84. Let h be 8/a - (-4)/14. Suppose 3*k = h, 29 = -3*p + 4*k + 152. What is the tens digit of p?
4
Let w = -1 + 3. Let t be 121*1*(7 + -5). Suppose 4*u - 250 = 5*n, -w*n + 51 - t = -3*u. What is the tens digit of u?
6
Let o = -35 + 149. What is the tens digit of o?
1
Let p =